{"id":30,"date":"2019-07-07T19:03:21","date_gmt":"2019-07-07T17:03:21","guid":{"rendered":"https:\/\/delivery.glop.es\/lasandwichera\/?page_id=30"},"modified":"2024-03-15T11:04:30","modified_gmt":"2024-03-15T10:04:30","slug":"terminos-legales","status":"publish","type":"page","link":"https:\/\/web.glop.es\/pizzeriavesuvio\/terminos-legales\/","title":{"rendered":"T\u00e9rminos legales"},"content":{"rendered":"\n<p>AVISO LEGAL Y POL\u00cdTICA DE P AVISO LEGAL Y POL\u00cdTICA DE PRIVACIDAD<\/p>\n\n\n\n<p>Aviso Legal<\/p>\n\n\n\n<p>Moraw Christian como titular de este sitio web www&#8230;&#8230;&#8230;..cumpliendo el deber de informaci\u00f3n recogido en art\u00edculo 10 de la Ley 34\/2002, de 11 de julio, de Servicios de la Sociedad de la Informaci\u00f3n y del Comercio Electr\u00f3nico (en adelante, la \u201cLSSI\u201d), quiere informar a sus usuarios del sitio web cu\u00e1les son sus condiciones de uso.<\/p>\n\n\n\n<p>Tanto esta p\u00e1gina Web como los servicios ofertados en la misma est\u00e1n gestionados por Moraw&nbsp; Christian X5203364M C\/ Azorin 10 Torrent 46900(Valencia) en adelante PIZZERIA VESUVIO&nbsp;<\/p>\n\n\n\n<p>La utilizaci\u00f3n de la Web atribuye la condici\u00f3n de \u201cUsuario\u201d a toda persona, f\u00edsica o jur\u00eddica, interesada en los productos y servicios de la Pizzeria Vesuvio implica la aceptaci\u00f3n plena y sin reservas de todas y cada una de las disposiciones incluidas en este Aviso Legal.<\/p>\n\n\n\n<p>Uso de la p\u00e1gina<\/p>\n\n\n\n<p>La Web tiene como objetivo facilitar y dar acceso a los Usuarios a toda la informaci\u00f3n sobre la empresa, as\u00ed como nuestros productos y novedades.<\/p>\n\n\n\n<p>Al entrar en la Web, el usuario asume la responsabilidad de su uso y aceptando las condiciones de uso que se presentan en esta p\u00e1gina. Si el Usuario no est\u00e1 de acuerdo con estas condiciones debe abstenerse de usar el sitio web.<\/p>\n\n\n\n<p>Adem\u00e1s, todo Usuario que acceda a la Web, debe respetar los derechos de propiedad intelectual que son titularidad de Pizzeria Vesuvio se utilizan de forma no autorizada la informaci\u00f3n contenida en esta Web, se entender\u00e1 como una lesi\u00f3n a los derechos de Propiedad Intelectual o Industrial de PIZZERIA&nbsp; VESUVIO que dar\u00e1 lugar a las responsabilidades legalmente establecidas.<\/p>\n\n\n\n<p>Responsabilidad<\/p>\n\n\n\n<p>PIZZERIA VESUVIO trataremos siempre de cuidar la seguridad de los usuarios que accedan a nuestra web, as\u00ed como de mantener actualizados los contenidos, pero no nos hacemos responsables, en ning\u00fan caso, de los da\u00f1os y perjuicios de cualquier naturaleza que se pudieran ocasionar, por errores u omisiones en los Contenidos, falta de disponibilidad t\u00e9cnica calidad, fiabilidad, exactitud, amplitud, veracidad y validez de esta P\u00e1gina y de los Contenidos. As\u00ed como tampoco a la transmisi\u00f3n de virus o programas maliciosos o lesivos, a pesar de haber tomado todas las medidas necesarias para evitarlo.<\/p>\n\n\n\n<p>Modificaci\u00f3n<\/p>\n\n\n\n<p>PIZZERIA&nbsp; VESUVIO podr\u00e1 realizar las modificaciones que considere oportunas en los Contenidos sin necesidad de previo aviso, pudiendo cambiar o suprimir los mismos.<\/p>\n\n\n\n<p>De igual forma, PIZZERIA&nbsp; VESUVIO podr\u00e1 en cualquier momento modificar los presentes T\u00e9rminos y Condiciones as\u00ed como la Pol\u00edtica de Privacidad y Cookies para adaptarlos a las novedades legislativas, o por decisiones interna.<\/p>\n\n\n\n<p>Enlaces o hiperv\u00ednculos<\/p>\n\n\n\n<p>Todos los enlaces o hiperv\u00ednculos que se realicen desde esta Web hacia otras Webs de internet, no ser\u00e1n responsabilidad de PIZZERIA&nbsp; VESUVIO que supone que no se garantizar\u00e1 la disponibilidad t\u00e9cnica, calidad, fiabilidad, exactitud, amplitud, veracidad y validez de cualquier material o informaci\u00f3n contenida en ninguno de dichos hiperv\u00ednculos u de otros sitios de Internet.<\/p>\n\n\n\n<p>Pol\u00edtica de Privacidad<\/p>\n\n\n\n<p>En&nbsp; PIZZERIA&nbsp; VESUVIO nos preocupa la privacidad de nuestros clientes y visitantes web. Por ello, y conforme a lo establecido en el nuevo Reglamento Europeo 679\/2016 de Protecci\u00f3n de Datos o RGPD, a continuaci\u00f3n te informamos sobre c\u00f3mo tratamos sus datos personales.<\/p>\n\n\n\n<p>\u00bfQui\u00e9n es el responsable del tratamiento de datos personales?<\/p>\n\n\n\n<p>El Responsable del tratamiento de tus datos es PIZZERIA VESUVIO(en adelante, PIZZERIA VESUVIO o el \u201cResponsable\u201d) con X5203364M C\/Azorin10 Torrent 46900(Valencia). Si en alg\u00fan momento tienes alguna consulta relativa a protecci\u00f3n de datos puedes escribirnos a la siguiente direcci\u00f3n de correo electr\u00f3nico<\/p>\n\n\n\n<p>\u00bfPara qu\u00e9 utilizamos tus datos personales?<\/p>\n\n\n\n<p>En PIZZERIA VESUVIO queremos ofrecerte la mejor experiencia posible, para ello, en algunos casos ser\u00e1 necesario solicitarte<\/p>\n","protected":false},"excerpt":{"rendered":"<p>AVISO LEGAL Y POL\u00cdTICA DE P AVISO LEGAL Y POL\u00cdTICA DE PRIVACIDAD Aviso Legal Moraw Christian como titular de este sitio web www&#8230;&#8230;&#8230;..cumpliendo el deber de informaci\u00f3n recogido en art\u00edculo 10 de la Ley 34\/2002, de 11 de julio, de Servicios de la Sociedad de la Informaci\u00f3n y del Comercio Electr\u00f3nico (en adelante, la \u201cLSSI\u201d), [&hellip;]<\/p>\n","protected":false},"author":5,"featured_media":0,"parent":0,"menu_order":0,"comment_status":"closed","ping_status":"closed","template":"","meta":{"footnotes":""},"class_list":["post-30","page","type-page","status-publish","hentry"],"_links":{"self":[{"href":"https:\/\/web.glop.es\/pizzeriavesuvio\/wp-json\/wp\/v2\/pages\/30","targetHints":{"allow":["GET"]}}],"collection":[{"href":"https:\/\/web.glop.es\/pizzeriavesuvio\/wp-json\/wp\/v2\/pages"}],"about":[{"href":"https:\/\/web.glop.es\/pizzeriavesuvio\/wp-json\/wp\/v2\/types\/page"}],"author":[{"embeddable":true,"href":"https:\/\/web.glop.es\/pizzeriavesuvio\/wp-json\/wp\/v2\/users\/5"}],"replies":[{"embeddable":true,"href":"https:\/\/web.glop.es\/pizzeriavesuvio\/wp-json\/wp\/v2\/comments?post=30"}],"version-history":[{"count":3,"href":"https:\/\/web.glop.es\/pizzeriavesuvio\/wp-json\/wp\/v2\/pages\/30\/revisions"}],"predecessor-version":[{"id":863,"href":"https:\/\/web.glop.es\/pizzeriavesuvio\/wp-json\/wp\/v2\/pages\/30\/revisions\/863"}],"wp:attachment":[{"href":"https:\/\/web.glop.es\/pizzeriavesuvio\/wp-json\/wp\/v2\/media?parent=30"}],"curies":[{"name":"wp","href":"https:\/\/api.w.org\/{rel}","templated":true}]}}